- -116. What are the prime factors of n?
137
Suppose -5*a - 8*a = -1274. Suppose 0 = -4*i - 3*i + a. What are the prime factors of i?
2, 7
Suppose 373 = 3*g - j, 2*g + 0*g - j - 247 = 0. List the prime factors of (g/(-10))/(57/(-190)).
2, 3, 7
Let u(i) = i**3 - i**2. Let m be u(-1). Let d = m - -13. What are the prime factors of d?
11
Let i(n) = -176*n**3 - n**2 - n - 1. Let w be i(-1). List the prime factors of 4/(-14) + 32425/w.
5, 37
Suppose 3*m = -n + 6 + 6, 3 = n. Suppose 0 = 3*r + 4*z + 294 - 1179, 885 = m*r + 2*z. What are the prime factors of r?
5, 59
What are the prime factors of (-89310)/(-20) - 2*1/(-4)?
2, 7, 11, 29
Let i(x) = -3*x + 17. Let p(m) = 7*m - 34. Let c(d) = -9*i(d) - 4*p(d). Let z be c(-8). Let y(a) = -a**2 - 9*a + 2. What are the prime factors of y(z)?
2
Let p(f) = f**2 + 16*f - 12. What are the prime factors of p(-22)?
2, 3, 5
Let k(f) = -2*f + 9. Let w be k(0). Let l(q) = w*q**2 + 17 + q**3 - 4*q**2 - 29 - 8*q. List the prime factors of l(-5).
2, 7
Let t(w) = 13*w + 93. What are the prime factors of t(5)?
2, 79
Suppose 5*u - 1094 = -4*t, 167 = -2*u - t + 607. List the prime factors of u.
2, 3, 37
Let u(n) = -7 + 0*n**2 + n**2 + 2. Suppose 3*a + 3*x = 12, a - 2*x - 3 = 1. List the prime factors of u(a).
11
Let r(j) = j**3 - j**2 - 9*j + 5. Suppose -2*k + 3 = -3, -5*m = -4*k - 8. Let b be r(m). Suppose f = 2*f - b. List the prime factors of f.
17
Let p(g) = 3*g - 1 + 5 + 0*g. Suppose 4*h - h - 2*u - 25 = 0, 3*h - u = 20. List the prime factors of p(h).
19
Suppose -2*f - 21 + 23 = 0, 2*f = 4*s - 522. List the prime factors of s.
131
Let j = 517 + -316. List the prime factors of j.
3, 67
Let f(u) = u - 4. Suppose -s - s - 7 = -3*q, -2*q + 5 = -s. Let n(t) = t + 5. Let o be n(q). List the prime factors of f(o).
2
Suppose -11 = -2*z - 7. Suppose 4*d = 3*j - 5*j + 38, -z*d = 2*j - 24. Let n = d - 3. List the prime factors of n.
2
Let x = -5998 - -9357. List the prime factors of x.
3359
Suppose 5*n = -n + 2598. List the prime factors of n.
433
Let q = 802 - -1256. What are the prime factors of q?
2, 3, 7
Suppose -v = -3*n - 389, 4*v - 5*n - 1328 = 249. List the prime factors of v.
2, 199
Let i(c) = -4*c**3 + c**2 - 9*c + 8. Let a be i(-4). Let d = a + -116. List the prime factors of d.
2, 5
Suppose 8*i - 10 = 6*i. Suppose 0 = -i*c + 288 + 32. Suppose -5*t = -t - c. List the prime factors of t.
2
Let n(r) be the second derivative of r**3/2 + 3*r**2 - r. Let j = 131 - 126. What are the prime factors of n(j)?
3, 7
Suppose 0 = 6*v - 4*v + 288. Let h be 11/((-33)/v) + -4. Suppose 0 = 6*k - 2*k - h. What are the prime factors of k?
11
Let w(d) = 11*d - 61. Let o(g) = -5*g + 30. Let y(z) = 13*o(z) + 6*w(z). Let c be y(-12). What are the prime factors of (-23)/(-2) + 6/c?
2, 3
Let z = -29 + 59. Let x be (-4)/z + (-1510)/(-75). Let o = x + -6. What are the prime factors of o?
2, 7
What are the prime factors of (-150 - 7)/(-1 + (-3)/(-4))?
2, 157
Suppose 5*g = 1015 + 1120. Suppose 228 = 5*o - g. What are the prime factors of o?
131
Let y(p) = -p**2 + 10*p - 8. Let k = 20 + -12. Let t be y(k). Suppose -t*i = -6*i - 52. List the prime factors of i.
2, 13
Let b = -12 + 12. Let w = b + -69. List the prime factors of w/(-2) + (-12)/(-8).
2, 3
Suppose -z = -0*d + 2*d - 15, -10 = -4*z + 2*d. List the prime factors of (-2)/(-3) - ((-1336)/12 - z).
3, 13
Suppose -l + 0*l + 134 = 0. List the prime factors of l/(-6)*(-1 + -2).
67
Suppose -5*z = -0*z - 75. Suppose z - 38 = -y. What are the prime factors of y?
23
Suppose -9*j + 4*j + 1175 = 0. Suppose 70 = -z + j. Suppose -4*l = l - z. List the prime factors of l.
3, 11
Suppose 3*w + w = 2*m - 330, 2*m - 2*w - 330 = 0. What are the prime factors of m?
3, 5, 11
Let w = -2247 - -5955. What are the prime factors of w?
2, 3, 103
Suppose 5*a = -44 - 66. Let j = a + 24. Suppose p - 4*f - 13 = 0, -j*p + 5*f = p - 67. What are the prime factors of p?
29
Suppose 2*h + 148 = 3*h. Let f = 284 - h. List the prime factors of f.
2, 17
Let n(s) = -4*s + 7. Let h be n(-8). Let c(o) = -4*o**3 - 2*o**2 - 2*o - 1. Let g be c(-2). Let w = h - g. What are the prime factors of w?
2, 3
Let n = 24 - 4. Let z(s) = 8*s - 13. Let f be z(n). Let j = f - 95. What are the prime factors of j?
2, 13
Suppose -p = -2*o + 4*p + 23, 0 = 2*o - 3*p - 33. Let f(c) = -c**3 + 5*c**2 + 3*c + 8. Let a be f(6). Let g = a + o. What are the prime factors of g?
2, 7
Let h(o) = o**3 - 14*o**2 - 6*o - 49. Let q be 50/4 - 40/(-16). What are the prime factors of h(q)?
2, 43
Let r be 140/25 - 4/(-10). Suppose 285 = r*i - i. List the prime factors of i.
3, 19
List the prime factors of (8/(-13))/4 - (-10620)/78.
2, 17
Let b(o) = 8*o - 2. Let j be b(-2). Let z be 48/9 - (-6)/j. Suppose 3*g = -z*h + 49, g + 2*h = -3*h + 33. What are the prime factors of g?
2
Let u = 114 + -109. Suppose 16 = d - u*m - 144, -758 = -5*d + 4*m. List the prime factors of d.
2, 3, 5
Let g be -674 - 6*3/(-6). Let o be (-2)/(-7) + g/(-77). What are the prime factors of (6/o)/((-2)/(-120))?
2, 5
Let h(p) = 57*p + 51. List the prime factors of h(4).
3, 31
Let j = -807 + 1240. List the prime factors of j.
433
List the prime factors of 4*58 - (-1 - 3).
2, 59
Let p = 13 - 12. Let a = 4 - p. Suppose -15 + 0 = -x + 4*g, -2*x = -a*g - 50. What are the prime factors of x?
31
Suppose 4*p - p + 2 = o, -o - 5*p + 2 = 0. Suppose 0 = o*t - 4. Suppose -3*q - t*v + 174 = 0, -3*v = 4*q - 42 - 189. List the prime factors of q.
2, 3, 5
List the prime factors of (5/(60/(-1532)))/((-5)/15).
383
Let v be 2 - (4 + -2*20). Let o = v + -9. What are the prime factors of o?
29
Let t be (-130)/(-8) + 2/(-8). Suppose -f = f - t. What are the prime factors of f/(-3)*(-3)/4?
2
Let t(f) = 68*f**3 + f. Let b be -3 - (-6)/9*9. Suppose -5*m + 4*q - 17 + 2 = 0, b*m = -3*q + 18. List the prime factors of t(m).
3, 23
Let f be (1 - (-3 - 2375)) + -4. List the prime factors of f/38 - 2/(-4).
3, 7
Suppose 4*q = -2*g + 10, 3*g = -q - q - 1. Suppose q*u + 4*c - 148 = -0*c, u - 3*c - 33 = 0. What are the prime factors of u?
2, 3
Let h = -250 + 397. What are the prime factors of h*(-3)/(-3)*1/3?
7
Let m(l) = 11 - 4*l + 4*l + 0*l + 3*l + l**2. List the prime factors of m(0).
11
Let a(g) = 183*g**3 - 4*g**2 + 4*g + 4. List the prime factors of a(2).
2, 5, 73
Suppose -x + 0 = -4. Suppose 4*o + x*o = 1104. List the prime factors of o.
2, 3, 23
Suppose 4*i = 5*i + 3. Let w(n) = 4*n**2 - 3*n - 3 + n**3 + 0*n + 6. List the prime factors of w(i).
3, 7
Let k = -110 - -114. Suppose k*b - 296 = 68. List the prime factors of b.
7, 13
Suppose -42*z - 5628 + 36162 = 0. List the prime factors of z.
727
Let s(l) = 22*l. Let o be s(-1). Let n = -15 - o. Suppose -n*c + 15 = -4*c. List the prime factors of c.
5
Let q(p) = -p**3 + 8*p**2 - 6*p - 6. Let w be q(7). Suppose 4*o = -b + 1 - 0, w = -5*o - 2*b. Let v(n) = 17*n**2 - 2*n + 2. What are the prime factors of v(o)?
17
Suppose -5*h = -4*z - 35, 0 = 2*h - z + 3*z + 4. What are the prime factors of ((-20)/h + -3)*-9?
3, 29
Suppose 0 = -g - 4 - 2. What are the prime factors of (110/(-4))/(3/g)?
5, 11
Suppose -4*t + 3*l + 6415 = 0, -t - 5*l + 1602 = -4*l. List the prime factors of t.
7, 229
Let m(t) = -2*t + 6. Let b be m(2). Suppose -5*q = 3*s - 196, -3*s + 91 = b*q - 6*s. What are the prime factors of q?
41
Let d be (-13)/(0/(-2) + 1). Let l = d + -4. Let m(g) = -3*g + 18. List the prime factors of m(l).
3, 23
Suppose -6*i = -4*i + 60. Let a = i + 35. Suppose -2*u - 2*u = 2*o - 106, -5*u = a*o - 135. What are the prime factors of u?
2, 13
Let q be (8/(-16))/(1/(-22)). Let k = -18 + q. Let c = 3 - k. List the prime factors of c.
2, 5
Suppose 256 + 1036 = 17*c. List the prime factors of c.
2, 19
Suppose 2*f - f = l - 19, -3*l = -4*f - 54. Let p(h) = 5*h + 127. Let c be p(7). Suppose -l*v - c = -25*v. List the prime factors of v.
2, 3
Let r(z) = 3*z**2 - 13*z + 2. What are the prime factors of r(-9)?
2, 181
Suppose -7*j = -5 + 5. Suppose j = -t + 7*t - 240. What are the prime factors of t?
2, 5
Suppose 0 = 35*r - 79295 + 4465. What are the prime factors of r?
2, 1069
Let s = 28 + -19. What are the prime factors of s/(3/6*-2*-1)?
3
Let m(n) = -3*n**2 - 11*n + 4. Let h(t) = 2*t**2 + 12*t - 5. Let l(a) = -3*h(a) - 4*m(a). List the prime factors of l(4).
127
Let j(f) = f**3 + 13*f**2 - 28*f 